{"id":549,"date":"2023-03-04T18:48:35","date_gmt":"2023-03-04T17:48:35","guid":{"rendered":"https:\/\/knjigosaur.ba\/?page_id=549"},"modified":"2023-03-25T13:17:58","modified_gmt":"2023-03-25T12:17:58","slug":"knjiznicarka-ivkica-i-knjigosaur","status":"publish","type":"page","link":"https:\/\/knjigosaur.ba\/?page_id=549","title":{"rendered":"Pri\u010da o knjigosaurima"},"content":{"rendered":"\n<p style=\"font-size:30px\"><img loading=\"lazy\" decoding=\"async\" width=\"100\" height=\"66\" class=\"wp-image-529\" style=\"width: 100px;\" src=\"https:\/\/knjigosaur.ba\/wp-content\/uploads\/2023\/03\/pngkey.com-dinosaurs-png-756049-e1677955877543.png\" alt=\"\"> Postoji jedna izmi\u0161ljena i potpuno neistinita teorija koja ka\u017ee kako su dinosauri, nakon pada meteora, iz ledenog svijeta odselili u tople svjetove knjiga. Sada su knjigosauri. U knjigama grickaju pri\u010de a ponekad se po\u010daste i ponekim piscima.Zato se i dogodi da ne umijemo odgovoriti na pitanje kamo su nestali neki pisci ili pi\u0161\u010dice i za\u0161to nema nekih knjiga na policama biblioteka?<\/p>\n\n\n\n<p style=\"font-size:30px\"> <img loading=\"lazy\" decoding=\"async\" width=\"110\" height=\"110\" class=\"wp-image-20\" style=\"width: 110px;\" src=\"https:\/\/knjigosaur.ba\/wp-content\/uploads\/2023\/03\/cropped-dinosaur-reading-a-book.png\" alt=\"\" srcset=\"https:\/\/knjigosaur.ba\/wp-content\/uploads\/2023\/03\/cropped-dinosaur-reading-a-book.png 512w, https:\/\/knjigosaur.ba\/wp-content\/uploads\/2023\/03\/cropped-dinosaur-reading-a-book-300x300.png 300w, https:\/\/knjigosaur.ba\/wp-content\/uploads\/2023\/03\/cropped-dinosaur-reading-a-book-150x150.png 150w, https:\/\/knjigosaur.ba\/wp-content\/uploads\/2023\/03\/cropped-dinosaur-reading-a-book-100x100.png 100w, https:\/\/knjigosaur.ba\/wp-content\/uploads\/2023\/03\/cropped-dinosaur-reading-a-book-270x270.png 270w, https:\/\/knjigosaur.ba\/wp-content\/uploads\/2023\/03\/cropped-dinosaur-reading-a-book-192x192.png 192w, https:\/\/knjigosaur.ba\/wp-content\/uploads\/2023\/03\/cropped-dinosaur-reading-a-book-180x180.png 180w, https:\/\/knjigosaur.ba\/wp-content\/uploads\/2023\/03\/cropped-dinosaur-reading-a-book-32x32.png 32w\" sizes=\"(max-width: 110px) 100vw, 110px\" \/> Vjerujem da medju vama ima mnogo odva\u017enih koji \u0107e krenuti putem koji vodi do sredi\u0161ta pri\u010de. Ne zaboravite ponijeti \u010darobni prah ma\u0161te, obuti cipele od sedam milja i pozvati prijatelje da vam se pridru\u017ee.<\/p>\n\n\n\n<p style=\"font-size:30px\">Ba\u0161 kao \u0161to je i na\u0161 Knjigosaur, uvijek, u potrazi za novim prijateljima.<\/p>\n\n\n\n<p style=\"font-size:30px\">Sretan vam put!<br><br>                                 <\/p>\n\n\n <img src='https:\/\/knjigosaur.ba\/wp-content\/plugins\/dp-post-views\/images\/eyes.png' class='dppv_eyes' width='100' height='100'> 0","protected":false},"excerpt":{"rendered":"<p>Postoji jedna izmi\u0161ljena i potpuno neistinita teorija koja ka\u017ee kako su dinosauri, nakon pada meteora, iz ledenog svijeta odselili u tople svjetove knjiga. Sada su knjigosauri. U knjigama grickaju pri\u010de a ponekad se po\u010daste i ponekim piscima.Zato se i dogodi da ne umijemo odgovoriti na pitanje kamo su nestali neki pisci ili pi\u0161\u010dice i za\u0161to [&hellip;]<\/p>\n","protected":false},"author":2,"featured_media":48,"parent":0,"menu_order":0,"comment_status":"closed","ping_status":"closed","template":"","meta":{"saved_in_kubio":false,"footnotes":""},"class_list":["post-549","page","type-page","status-publish","has-post-thumbnail","hentry"],"kubio_ai_page_context":{"short_desc":"","purpose":"general"},"_links":{"self":[{"href":"https:\/\/knjigosaur.ba\/index.php?rest_route=\/wp\/v2\/pages\/549","targetHints":{"allow":["GET"]}}],"collection":[{"href":"https:\/\/knjigosaur.ba\/index.php?rest_route=\/wp\/v2\/pages"}],"about":[{"href":"https:\/\/knjigosaur.ba\/index.php?rest_route=\/wp\/v2\/types\/page"}],"author":[{"embeddable":true,"href":"https:\/\/knjigosaur.ba\/index.php?rest_route=\/wp\/v2\/users\/2"}],"replies":[{"embeddable":true,"href":"https:\/\/knjigosaur.ba\/index.php?rest_route=%2Fwp%2Fv2%2Fcomments&post=549"}],"version-history":[{"count":20,"href":"https:\/\/knjigosaur.ba\/index.php?rest_route=\/wp\/v2\/pages\/549\/revisions"}],"predecessor-version":[{"id":1289,"href":"https:\/\/knjigosaur.ba\/index.php?rest_route=\/wp\/v2\/pages\/549\/revisions\/1289"}],"wp:featuredmedia":[{"embeddable":true,"href":"https:\/\/knjigosaur.ba\/index.php?rest_route=\/wp\/v2\/media\/48"}],"wp:attachment":[{"href":"https:\/\/knjigosaur.ba\/index.php?rest_route=%2Fwp%2Fv2%2Fmedia&parent=549"}],"curies":[{"name":"wp","href":"https:\/\/api.w.org\/{rel}","templated":true}]}}