{"id":73,"date":"2022-01-18T13:57:43","date_gmt":"2022-01-18T12:57:43","guid":{"rendered":"https:\/\/knjigosaur.ba\/?page_id=73"},"modified":"2023-03-08T00:28:49","modified_gmt":"2023-03-07T23:28:49","slug":"privacy-policy","status":"publish","type":"page","link":"https:\/\/knjigosaur.ba\/?page_id=73","title":{"rendered":"Za\u0161tita privatnosti\/Privacy Policy"},"content":{"rendered":"\n<h5 class=\"wp-block-heading\">Uvjeti kori\u0161tenja Internet portala Knjigosaur.ba<\/h5>\n\n\n\n<p class=\"has-medium-font-size\">Upotrebljavaju\u0107i web stranice Knjigosaur.ba (u daljnjem tekstu PORTAL) dajete svoj pristanak na po\u0161tivanje odredbi ovog ugovora o navedenim uvjetima uporabe. Ako se sa istima ne sla\u017eete, molimo vas da ne koristite navedeni internetski portal.<\/p>\n\n\n\n<h5 class=\"wp-block-heading\">Ograni\u010denja u upotrebi materijala<\/h5>\n\n\n\n<p class=\"has-medium-font-size\">Materijali na web stranicama PORTALA za\u0161ti\u0107eno su autorsko pravo autora i vlasnika Portala (u daljnjem tekstu VLASNIK) ili drugih pravnih osoba. Tekstovi, grafike, baze podataka, HTML kod i ostalo, intelektualno su vlasni\u0161tvo VLASNIKA ili drugih pravnih osoba te su za\u0161ti\u0107eni Zakonom o autorskim pravima. Ukoliko \u017eelite na\u0161e materijale koristiti za edukacijske svrhe, slobodno nam se javite i rado \u0107emo vam iza\u0107i u susret.<\/p>\n\n\n\n<h5 class=\"wp-block-heading\">Preno\u0161enje sadr\u017eaja<\/h5>\n\n\n\n<p class=\"has-medium-font-size\">Materijali sa PORTALA, tako\u0111er ne smiju biti kopirani, izdavani, prevo\u0111eni, ili na bilo koji drugi na\u010din distribuirani ukoliko se ne navodi izvor (uklju\u010duju\u0107i poveznicu prema izvornom \u010dlanku ili naslovnoj stranici PORTALA).<\/p>\n\n\n\n<h5 class=\"wp-block-heading\">Vlasni\u0161tvo baza podataka, licence i upotreba<\/h5>\n\n\n\n<p class=\"has-medium-font-size\">VLASNIK je vlasnik PORTALA. VLASNIK i njegovi suradnici zadr\u017eavaju sva prava i, ovim ugovorom, niti jedno pravo intelektualnog vlasni\u0161tva nije prenosivo. VLASNIK vam time dodjeljuje ne ekskluzivnu i neprijenosnu dozvolu za uporabu baza podataka na web stranicama PORTALA. Baze podataka se mogu upotrijebiti samo za uvid u informacije te za va\u0111enje istih, u opsegu (razmjeru) opisanom u tekstu koji slijedi. \u010citanjem ovog ugovora, obvezujete se na kori\u0161tenje informacija iz baza podataka PORTALA, jedino za va\u0161u privatnu uporabu i interne ciljeve \u2013 va\u0161eg doma ili va\u0161eg posla, uz \u0161to se podrazumijeva da to nije prodavanje ili posredovanje informacija, publiciranje, distribuiranje, preno\u0161enje ili reproduciranje bilo kojeg dijela baze podataka (bilo direktno ili u sa\u017eetoj, selektivnoj ili tabeliranoj formi). Mo\u017eete napraviti ograni\u010deni broj kopija svakog outputa, u machine-\u010ditaju\u0107oj formi ili u hard copy formi, \u0161to je dovoljno za gore spomenute dozvoljene ciljeve. Ni\u0161ta ovdje spomenuto ne daje vam pravo kreiranja bilo kakvih baza podataka, direktorija ili hard copy publikacija \u2013 iz ili od baza podataka, niti za internu, niti za eksternu uporabu.<\/p>\n\n\n\n<h5 class=\"wp-block-heading\">Garancije i odgovornost<\/h5>\n\n\n\n<p class=\"has-medium-font-size\">VLASNIK se odri\u010de svih garancija, izri\u010ditih ili neizravno izra\u017eenih, uklju\u010duju\u0107i, ali ne ograni\u010davaju\u0107i se na mogu\u0107nost prodaje u odre\u0111ene svrhe. VLASNIK ne jam\u010di da \u0107e funkcije sadr\u017eane u materijalima biti oslobo\u0111ene gre\u0161aka, da \u0107e nepravilnosti biti ispravljene, kao ni da je server DRU\u0160TVA oslobo\u0111en virusa te ostalih \u0161tetnih komponenti. VLASNIK ne garantira ispravnost i to\u010dnost uporabe te rezultate uporabe materijala dostupnih na web stranicama PORTALA. Vi (a ne VLASNIK) preuzimate kompletne tro\u0161kove svih potrebnih popravaka, servisiranja ili ispravljanja. Niti u jednom slu\u010daju VLASNIK ne\u0107e biti odgovoran za \u0161tete proiza\u0161le iz nemarne ili nestru\u010dne uporabe materijala na web stranicama PORTALA, \u010dak i ako su VLASNIK ili njegovi autorizirani zastupnici bili upozoreni na mogu\u0107nost takvih \u0161teta.                       Informacije na web stranicama PORTALA pripremljene su pomno i stru\u010dno, no VLASNIK ne mo\u017ee odgovarati za posljedice njihove primjene. Svi podaci na web stranicama PORTALA dostupni su za uporabu jedino u svrhu informiranja. Namjena informacija sadr\u017eanih na web stranicama PORTALA nije pru\u017eanje pravnih, financijskih ili poreznih savjeta, ili bilo kojih drugih sli\u010dnih individualnih savjeta ili savjeta za kompanije. Usluge opisane na web stranicama PORTALA ponu\u0111ene su samo u pravnu nadle\u017enost gdje mogu biti legalno ponu\u0111ene. Informacije na web stranicama PORTALA nisu sveobuhvatne te su iste ograni\u010dene informacijama dostupnima DRU\u0160TVU.<\/p>\n\n\n\n<h5 class=\"wp-block-heading\">Poveznice (linkovi) i obilje\u017eja, robne marke<\/h5>\n\n\n\n<p class=\"has-medium-font-size\">VLASNIK kao jedini vlasnik web stranica PORTALA nije nu\u017eno povezan sa web stranicama \u010dije su poveznice ovdje navedene i ne odgovara za njihov sadr\u017eaj. Pridru\u017eene web stranice slu\u017ee isklju\u010divo vama, kako bi pridonijeli prakti\u010dnosti uporabe PORTALA te im stoga pristupate uz vlastiti rizik. Postojanje poveznica za ostale web stranice te preporuke za odre\u0111ene proizvode, usluge ili publikacije koje nisu dio PORTALA te njegovih pomo\u0107nih i pridru\u017eenih web stranica ne zna\u010di dopu\u0161tenje DRU\u0160TVA za njihovo kori\u0161tenje.                                                            Odre\u0111ena imena, grafike, obilje\u017eja robnih marki, ikone, dizajn, rije\u010di, naslovi i fraze na PORTALU mogu \u010diniti za\u0161titne znakove, imena ili znakove usluga DRU\u0160TVA ili njegovih zasebnih jedinica. Izlaganje za\u0161titnih znakova na PORTALU ne podrazumijeva dozvolu njihovog kori\u0161tenja u bilo kakve svrhe. Svako neautorizirano kopiranje, snimanje, modificiranje te reprodukcija za\u0161titnog znaka i\/ili ostalog sadr\u017eaja ovog PORTALA mo\u017ee zna\u010diti kr\u0161enje zakona o za\u0161titnim znakovima i\/ili zakonima o kopiranju te osoba mo\u017ee biti podvrgnuta odgovaraju\u0107em pravnom postupku.Va\u0161im pristupom na ovaj PORTAL, podrazumijeva se stroga povjerljivost i tajnost pretplatni\u010dkog koda, korisni\u010dkog imena, korisni\u010dkog ID-a, korisni\u010dke zaporke, te svih vama dostupnih informacije do kojih ste do\u0161li putem dobivene \u0161ifre za pristup web stranicama PORTALA. Zabranjeno je kopiranje ili bilo kakvo javno izno\u0161enje takvih informacija.<\/p>\n\n\n\n<h5 class=\"wp-block-heading\">Ostalo<\/h5>\n\n\n\n\n\n<p class=\"has-medium-font-size\">Ovaj je Ugovor valjan sve dok ga ne raskine jedna od stranaka. Ovaj ugovor mo\u017eete raskinuti u bilo koje vrijeme, uni\u0161tavaju\u0107i sve materijale do kojih ste do\u0161li putem bilo koje web stranice u vlasni\u0161tvu VLASNIKA, te svu povezanu dokumentaciju, kao i sve kopije i instalacije vezane uz to, bez obzira na to jesu li navedeni u uvjetima ovog Ugovora.<\/p>\n <img src='https:\/\/knjigosaur.ba\/wp-content\/plugins\/dp-post-views\/images\/eyes.png' class='dppv_eyes' width='100' height='100'> 0","protected":false},"excerpt":{"rendered":"<p>Uvjeti kori\u0161tenja Internet portala Knjigosaur.ba Upotrebljavaju\u0107i web stranice Knjigosaur.ba (u daljnjem tekstu PORTAL) dajete svoj pristanak na po\u0161tivanje odredbi ovog ugovora o navedenim uvjetima uporabe. Ako se sa istima ne sla\u017eete, molimo vas da ne koristite navedeni internetski portal. Ograni\u010denja u upotrebi materijala Materijali na web stranicama PORTALA za\u0161ti\u0107eno su autorsko pravo autora i vlasnika [&hellip;]<\/p>\n","protected":false},"author":1,"featured_media":0,"parent":0,"menu_order":0,"comment_status":"closed","ping_status":"closed","template":"","meta":{"saved_in_kubio":false,"footnotes":""},"class_list":["post-73","page","type-page","status-publish","hentry"],"kubio_ai_page_context":{"short_desc":"","purpose":"general"},"_links":{"self":[{"href":"https:\/\/knjigosaur.ba\/index.php?rest_route=\/wp\/v2\/pages\/73","targetHints":{"allow":["GET"]}}],"collection":[{"href":"https:\/\/knjigosaur.ba\/index.php?rest_route=\/wp\/v2\/pages"}],"about":[{"href":"https:\/\/knjigosaur.ba\/index.php?rest_route=\/wp\/v2\/types\/page"}],"author":[{"embeddable":true,"href":"https:\/\/knjigosaur.ba\/index.php?rest_route=\/wp\/v2\/users\/1"}],"replies":[{"embeddable":true,"href":"https:\/\/knjigosaur.ba\/index.php?rest_route=%2Fwp%2Fv2%2Fcomments&post=73"}],"version-history":[{"count":14,"href":"https:\/\/knjigosaur.ba\/index.php?rest_route=\/wp\/v2\/pages\/73\/revisions"}],"predecessor-version":[{"id":755,"href":"https:\/\/knjigosaur.ba\/index.php?rest_route=\/wp\/v2\/pages\/73\/revisions\/755"}],"wp:attachment":[{"href":"https:\/\/knjigosaur.ba\/index.php?rest_route=%2Fwp%2Fv2%2Fmedia&parent=73"}],"curies":[{"name":"wp","href":"https:\/\/api.w.org\/{rel}","templated":true}]}}